n 52191 is divided by 522.
513
Calculate the remainder when 47426 is divided by 13.
2
What is the remainder when 2750 is divided by 907?
29
What is the remainder when 3854623 is divided by 745?
738
Calculate the remainder when 117695 is divided by 117667.
28
Calculate the remainder when 234813 is divided by 943.
6
What is the remainder when 3706 is divided by 1229?
19
Calculate the remainder when 6768 is divided by 2182.
222
What is the remainder when 17135 is divided by 3417?
50
What is the remainder when 624 is divided by 366?
258
What is the remainder when 166114 is divided by 45?
19
What is the remainder when 2423175 is divided by 56?
55
What is the remainder when 1879 is divided by 927?
25
Calculate the remainder when 275690 is divided by 39.
38
What is the remainder when 577623 is divided by 25?
23
Calculate the remainder when 128158 is divided by 644.
2
Calculate the remainder when 98041 is divided by 77.
20
What is the remainder when 3510 is divided by 868?
38
Calculate the remainder when 206187 is divided by 71.
3
What is the remainder when 805011 is divided by 236?
15
What is the remainder when 172537 is divided by 157?
151
What is the remainder when 8122 is divided by 33?
4
What is the remainder when 48898 is divided by 2125?
23
What is the remainder when 15156 is divided by 1622?
558
What is the remainder when 747 is divided by 542?
205
Calculate the remainder when 9685 is divided by 254.
33
What is the remainder when 4433 is divided by 1365?
338
Calculate the remainder when 132429 is divided by 7355.
39
What is the remainder when 219308 is divided by 159?
47
What is the remainder when 229300 is divided by 131?
50
Calculate the remainder when 60301 is divided by 134.
1
What is the remainder when 56473 is divided by 6269?
52
Calculate the remainder when 9884 is divided by 901.
874
What is the remainder when 1159 is divided by 467?
225
What is the remainder when 25071 is divided by 14?
11
Calculate the remainder when 202899 is divided by 18.
3
Calculate the remainder when 597 is divided by 295.
7
What is the remainder when 14073 is divided by 16?
9
Calculate the remainder when 46776 is divided by 62.
28
What is the remainder when 97657 is divided by 193?
192
Calculate the remainder when 108781 is divided by 588.
1
Calculate the remainder when 14371 is divided by 38.
7
Calculate the remainder when 1746 is divided by 113.
51
Calculate the remainder when 2866 is divided by 169.
162
Calculate the remainder when 64077 is divided by 139.
137
What is the remainder when 576 is divided by 177?
45
Calculate the remainder when 55495 is divided by 7901.
188
What is the remainder when 4196 is divided by 296?
52
What is the remainder when 3011 is divided by 721?
127
Calculate the remainder when 6822 is divided by 72.
54
Calculate the remainder when 1325 is divided by 141.
56
Calculate the remainder when 71255 is divided by 10177.
16
Calculate the remainder when 4314 is divided by 1854.
606
What is the remainder when 1823 is divided by 107?
4
Calculate the remainder when 10073 is divided by 327.
263
What is the remainder when 33597 is divided by 48?
45
What is the remainder when 39125 is divided by 161?
2
What is the remainder when 1674 is divided by 21?
15
Calculate the remainder when 319924 is divided by 106635.
19
What is the remainder when 41176 is divided by 13?
5
Calculate the remainder when 57729 is divided by 127.
71
What is the remainder when 79365 is divided by 8?
5
What is the remainder when 821 is divided by 44?
29
What is the remainder when 27686 is divided by 30?
26
What is the remainder when 8986 is divided by 249?
22
Calculate the remainder when 14870 is divided by 128.
22
What is the remainder when 4996 is divided by 449?
57
Calculate the remainder when 6409 is divided by 3188.
33
What is the remainder when 685151 is divided by 104?
103
What is the remainder when 31130 is divided by 94?
16
What is the remainder when 106592 is divided by 796?
724
What is the remainder when 2685 is divided by 849?
138
Calculate the remainder when 24936 is divided by 2767.
33
Calculate the remainder when 41190 is divided by 41064.
126
Calculate the remainder when 511818 is divided by 1103.
26
Calculate the remainder when 4253 is divided by 103.
30
Calculate the remainder when 17050 is divided by 196.
194
Calculate the remainder when 365156 is divided by 979.
968
Calculate the remainder when 244348 is divided by 237.
1
Calculate the remainder when 473436 is divided by 98.
96
What is the remainder when 1038989 is divided by 45173?
10
Calculate the remainder when 10471 is divided by 276.
259
What is the remainder when 10736 is divided by 262?
256
Calculate the remainder when 3618 is divided by 2678.
940
Calculate the remainder when 64473 is divided by 151.
147
Calculate the remainder when 6310 is divided by 2011.
277
Calculate the remainder when 15315 is divided by 269.
251
What is the remainder when 66473 is divided by 96?
41
Calculate the remainder when 2042 is divided by 351.
287
Calculate the remainder when 11339 is divided by 944.
11
Calculate the remainder when 5200 is divided by 18.
16
Calculate the remainder when 1589 is divided by 1375.
214
What is the remainder when 2516915 is divided by 1414?
1409
Calculate the remainder when 18697 is divided by 6231.
4
What is the remainder when 11191 is divided by 466?
7
Calculate the remainder when 934124 is divided by 998.
994
What is the remainder when 6117 is divided by 55?
12
What is the remainder when 32062 is divided by 356?
22
Calculate the remainder when 1269844 is divided by 158729.
12
What is the remainder when 3266 is divided by 787?
118
What is the remainder when 15053 is divided by 504?
437
Calculate the remainder when 474 is divided by 64.
26
What is the remainder when 15449 is divided by 2?
1
Calculate the remainder when 37240 is divided by 449.
422
What is the remainder when 2230 is divided by 18?
16
What is the remainder when 21963 is divided by 33?
18
What is the remainder when 5969 is divided by 222?
197
Calculate the remainder when 3250 is divided by 3213.
37
Calculate the remainder when 94035 is divided by 1161.
1155
What is the remainder when 5914 is divided by 2899?
116
Calculate the remainder when 69770 is divided by 392.
386
What is the remainder when 252470 is divided by 17?
3
What is the remainder when 14896 is divided by 317?
314
What is the remainder when 3206992 is divided by 55?
52
What is the remainder when 2802 is divided by 349?
10
Calculate the remainder when 135154 is divided by 2758.
12
Calculate the remainder when 10231 is divided by 3360.
151
What is the remainder when 89381 is divided by 542?
493
What is the remainder when 468748 is divided by 156248?
4
What is the remainder when 11056 is divided by 1380?
16
Calculate the remainder when 2221 is divided by 28.
9
Calculate the remainder when 91288 is divided by 1050.
988
Calculate the remainder when 474236 is divided by 640.
636
Calculate the remainder when 26864 is divided by 166.
138
What is the remainder when 526349 is divided by 150?
149
What is the remainder when 739349 is divided by 450?
449
What is the remainder when 42689 is divided by 257?
27
What is the remainder when 3781 is divided by 504?
253
Calculate the remainder when 2421527 is divided by 12.
11
Calculate the remainder when 5653 is divided by 1535.
1048
Calculate the remainder when 1165 is divided by 149.
122
What is the remainder when 202575 is divided by 4?
3
What is the remainder when 618023 is divided by 868?
7
Calculate the remainder when 299102 is divided by 551.
460
What is the remainder when 4938 is divided by 885?
513
What is the remainder when 490 is divided by 84?
70
Calculate the remainder when 2191321 is divided by 575.
571
What is the remainder when 7028 is divided by 3376?
276
Calculate the remainder when 75194 is divided by 5011.
29
What is the remainder when 153412 is divided by 948?
784
What is the remainder when 65599 is divided by 613?
8
What is the remainder when 28614 is divided by 14174?
266
What is the remainder when 561680 is divided by 244?
236
What is the remainder when 384 is divided by 19?
4
Calculate the remainder when 5647784 is divided by 65.
64
Calculate the remainder when 211118 is divided by 260.
258
Calculate the